e b(o).
-8
Let x(q) = 17*q - q + 4 - 52*q + 22*q + 18*q. Calculate x(12).
52
Suppose -5*z - 2*b = 104, 5*z + 47 = 3*z + b. Let g be 475/209 + 6/z. Let d(h) = -h**2 - h + 1. What is d(g)?
-5
Let f(t) = 19*t - 1. Let w = 2705 - 2706. Give f(w).
-20
Suppose 4*t + 9 - 1 = 0. Let v be (t + 3 + -4)*1. Let f be (-28)/21*v/4. Let x(o) = 3*o**2 - 2*o + 1. What is x(f)?
2
Let u(c) = 10 - 21 - 21 + 13 + 5*c - 23. What is u(9)?
3
Let v(j) be the third derivative of j**4/6 + 67*j**3/6 - 2*j**2 + 23*j - 18. Determine v(-9).
31
Let d(o) = 3*o**2 - 13*o + 1. Let v(z) = 7*z**2 - 27*z + 2. Let q(t) = 9*d(t) - 4*v(t). Let g(a) = -a. Let i(l) = 4*g(l) - q(l). Calculate i(-6).
5
Let l(t) be the first derivative of 6*t**2 + 114*t + 1348. Calculate l(-8).
18
Let g(c) be the first derivative of c**3/6 - 5*c**2/2 + 9*c + 29. Let m(n) be the first derivative of g(n). Suppose -2*q = -7 - 7. Determine m(q).
2
Let m(q) = q**2 - 68*q + 709. Let o be m(55). Let w(n) = 9*n + 57. Determine w(o).
3
Let r(w) = -9*w + 1. Let y(t) = t - 10. Let j be y(10). Suppose 4*k + 404 = 4*u - k, j = 3*u - 4*k - 304. Let f = u - 95. Calculate r(f).
-8
Let v(y) be the first derivative of -14*y**3/3 - y**2/2 + y + 38. Suppose -2*c - 3*c + 9 = 4*o, -2*c = -5*o - 30. Suppose -c*g - 1 = -6. Give v(g).
-14
Suppose 0 = 2*c - 48 + 8. Suppose -3*x + 15 = 3*t - 0, 0 = -5*x - c. Let k(m) be the first derivative of m**4/4 - 8*m**3/3 - 5*m**2 + 13*m + 273. What is k(t)?
4
Let l(w) = w**3 + 7*w**2 + 7*w + 2. Let h = 134 - 111. Suppose -4*j + 0 = 5*o - 30, -3*j - 4*o = -h. Suppose 3*k = -j - 13. What is l(k)?
-4
Let w(a) = -a**3 - 26*a**2 - 3*a - 71. Let r = 17308 - 17334. Determine w(r).
7
Let h = 86 + -30. Let i(c) = 32 + c - h + 31. Let g be i(-11). Let l(a) = a - 5. Determine l(g).
-9
Suppose 4*n - 4*g = 48, -37*n + 41*n = -2*g + 54. Let s(u) = -u**3 + 12*u**2 + 11*u + 19. What is s(n)?
-7
Let f(b) = -6*b + 44. Let i be f(4). Suppose 0 = i*y + 11*y + 186. Let h(m) = m**3 - 2*m**3 + 0*m**3 + 3*m - 6*m**2 + 6. Give h(y).
-12
Let b(l) = l**3 - l + 2. Suppose -14*u - 15*u = -14790. Let c = 510 - u. Determine b(c).
2
Let p(g) = g + 3. Let t(w) = 13*w - 248. Let m(a) = 9*a - 165. Let j(x) = -8*m(x) + 5*t(x). Let y be j(12). Give p(y).
-1
Let q(c) = 20*c**2 + 208*c + 28. Let z(s) = 9*s**2 + 93*s + 12. Let h(o) = -4*q(o) + 9*z(o). Give h(-12).
80
Let l(n) = n - 2. Suppose 3*z - 4*c = -263, -5*c + 3 = -7. Let d be (-15)/18 + z/(-102). Determine l(d).
-2
Let r(h) = -5*h - 194. Let z(i) = 4*i + 148. Let q(g) = -3*r(g) - 4*z(g). Let u be (180/36)/((-2)/4). Determine q(u).
0
Let c be (155/(-465)*(-9)/4)/(5/20). Let a(k) = -k**2 + 0*k**2 - 2 + 6*k - 1. Give a(c).
6
Let p(y) = -5*y + 1. Let z = -168 + 168. Suppose z = -43*a + 81 + 48. Give p(a).
-14
Let q(z) = 30*z**2 + 135*z - 98. Let l(t) = -11*t**2 - 48*t + 33. Let n(x) = -11*l(x) - 4*q(x). Calculate n(10).
9
Let w be -1 + ((-4)/8)/(3/(-6)). Suppose 4*z = 5*i + 5, -4*i - 4 = -w*z + 2*z. Let t(h) = h**2 + 39. Determine t(z).
39
Let w(s) = -s**2 - 8*s + 21. Suppose -4*l = 5*f - 1050, -2*l - 2*l + 20 = 0. Suppose -203*g + f*g = -27. Calculate w(g).
12
Let w(m) = -m**2 + 8*m + 1. Let t(d) = -3*d**2 + 17*d + 4. Let a(j) = t(j) - 2*w(j). What is a(-4)?
-18
Suppose -3*n + 9 = -2*n. Let v(u) = -7*u + 1043*u**2 - 4 - 351*u**2 - 346*u**2 - 1 - 345*u**2. Determine v(n).
13
Let z(b) be the third derivative of b**5/24 + 7*b**4/24 + 19*b**3/2 - 17*b**2. Let c(r) be the first derivative of z(r). Give c(-3).
-8
Let p(m) be the third derivative of -m**6/120 + 7*m**5/60 - 7*m**4/24 + 3*m**3/2 + 6*m**2 + 5. Let w be 1/3*(-60)/(-5). Suppose -w*t + 38 = 14. What is p(t)?
3
Let l(h) = -h**3 - h**2 + 5*h. Let a(r) = r**2 - 32*r + 122. Let j be a(28). Suppose j*z - 14*z = 8, -6 = -s + 5*z. What is l(s)?
28
Let l(z) be the third derivative of -2/3*z**3 - 1/120*z**6 + 1/8*z**4 - 118*z**2 + 0*z + 0 + 1/15*z**5. Calculate l(3).
14
Suppose 5*g - 5*w + 17 = 2, -3*w + 19 = 2*g. Let k(v) be the first derivative of -6 + 32*v**2 - 32*v**2 + g*v**3 + 14. Determine k(-1).
6
Let u(z) be the second derivative of -1/12*z**4 - 5/2*z**2 - 2 + 325*z - 7/6*z**3. Let b = -12 + 7. Give u(b).
5
Let z = 21 + 3. Suppose 4*u = -4*l - z, -5*u + 3*l - 19 = 11. Let x(g) = -g**2 + g. Let q(p) = 2*p**2 - 7*p + 4. Let a(r) = q(r) + 3*x(r). Give a(u).
-8
Suppose -5 - 17 + 6 = s. Let c(q) = -2*q + 42. What is c(s)?
74
Let h(d) = 7*d**2 - d + 9. Let n(r) = 5*r + 24. Let a be n(-6). Let p(m) = 20*m**2 - 4*m + 26. Let x(f) = a*p(f) + 17*h(f). Give x(7).
-3
Let r(s) = 6 - 9640*s + 6 + 9651*s - 7*s**2 - s**3. Give r(-8).
-12
Let t(y) = -2*y + 15. Let s be (-5043)/(-33) + 2 + 2/11. Let n = s - 147. Calculate t(n).
-1
Let d(c) be the first derivative of c**6/120 + c**5/20 - 5*c**4/24 + c**3/3 + 3*c**2/2 - 15*c - 60. Let t(i) be the second derivative of d(i). Determine t(-5).
-23
Let q(j) = 2*j**2 - 6*j - 6. Suppose -2*p = -u - 5, 1406*p + 5*u = 1404*p + 23. Determine q(p).
2
Let x(d) = 954*d + 23 + 112 - 963*d + 45. Determine x(20).
0
Let j(y) = -276*y**3 - 4*y**2 - 4*y**2 + 277*y**3 - 9 + 8*y. Let p(s) = s**2 + 4*s - 25. Let g be p(4). What is j(g)?
-2
Let y(c) = -11*c**2 + 60*c**3 + 0 - 33*c**3 + c - 8 - 26*c**3. Suppose 163 = -5*x + 178. Let o be (-25 + x)*(2/(-2))/2. What is y(o)?
3
Suppose 8*u + 76 - 268 = 0. Suppose -9*b + 13*b = u. Let c(w) = -2*w - 3. What is c(b)?
-15
Let n(v) = -9*v**2 + v - 2. Let j(m) = 16*m**2 - 14*m. Let l(g) = j(g) + 2*n(g). Determine l(-5).
6
Let z(h) be the first derivative of h**3/3 + 7*h**2/2 - 192*h + 5381. Give z(11).
6
Let b = 13 - 9. Let q(m) = -m**3 + 2*m**2 + 7*m + 4. Let y be q(b). Let p(w) = -w**2 + w - 6. Determine p(y).
-6
Let l(m) = -3*m**2 + 100*m + 52. Let c be l(34). Let v(p) = -2*p - 28. Determine v(c).
4
Let s(f) = -f**2 + 7*f - 7. Let l(q) = -q**2 + 7*q - 6. Let r(b) = -2*l(b) + 3*s(b). Suppose -8*x = -4*x - 3*m - 11, 4*m = 12. Determine r(x).
1
Let u(w) = 1 - 16*w - 35*w + 0*w + 47*w. Let q be ((-2)/((-4)/(-10)))/(-1). Give u(q).
-19
Suppose -162*k = -140*k - 22. Let x(b) = -11*b**2 + b. Determine x(k).
-10
Let a(g) be the first derivative of g + 1/4*g**4 + 52 + 0*g**2 - 4/3*g**3. Calculate a(4).
1
Let z be 30/(-3)*1/1. Let l(y) be the first derivative of y**2 + 19*y + 9676. Give l(z).
-1
Let f(k) = 6*k + 14. Suppose o + 12*x + 9 = 8*x, -5*x - 24 = -3*o. Suppose 0*p = -o*j + 4*p - 38, -2*p + 24 = -2*j. Determine f(j).
-46
Suppose 0 = -46*m - 21*m - 9*m + 76. Let i(g) = -39*g**2 + 3*g - 1. Calculate i(m).
-37
Let c(a) be the third derivative of 1/12*a**5 - 1/120*a**6 + 0 + 0*a + 1/6*a**3 + 42*a**2 - 1/4*a**4. Determine c(5).
-29
Let n(t) be the first derivative of -t**4/4 + 4*t**3/3 + 13*t**2 - 39*t + 2357. Determine n(7).
-4
Let c(m) be the first derivative of -1/3*m**3 + 7/2*m**2 - 2*m + 5. Suppose -2*q = 4, l + 36*q - 10 = 38*q. Determine c(l).
4
Let p(c) = 9*c**3 - 4*c**2 + 13*c - 33. Let n(q) = -14*q**3 + 3*q**2 - 14*q + 35. Let i(r) = -2*n(r) - 3*p(r). Give i(-8).
-11
Let k(m) be the first derivative of 23 - 1/3*m**3 - 1/2*m**2 + m. Suppose f + 3*i - i + 4 = 0, 4*f + 3*i + 1 = 0. Calculate k(f).
-5
Let k(q) = q**3 - 8*q**2 + 5*q - 5. Suppose 0 = 2903*h - 2895*h - 40. Determine k(h).
-55
Let k be (0 + 3 - 14) + 2*1. Let t be (-6)/(-27) + (-25)/k. Suppose -24 = -0*c + t*c. Let z(d) = d + 4. Give z(c).
-4
Suppose 3*d - 18 = -3. Suppose -3*b + 56*y - 54*y = 10, y = 4*b + d. Let p(s) be the third derivative of -s**5/60 + s**4/24 - 7*s**3/6 - s**2. Calculate p(b).
-7
Let c(l) = -l**3 + 6*l**2 + 2*l - 5. Suppose 54*w - 262 - 213 + 151 = 0. Calculate c(w).
7
Let p(h) = 3*h - h**2 + 1472 + 1455 + 1459 - 4379. Determine p(4).
3
Let u(r) = -r - 25 - 122 + 129. Determine u(-24).
6
Let r(o) = -14*o**3 - 6*o - 16*o**2 - 1 - 2*o + 13*o**3 - 7*o. Determine r(-15).
-1
Let a(u) be the second derivative of u**5/20 + 19*u**4/12 + u**3/3 + 20*u**2 + 26*u - 1. Let q be a(-19). Let p(c) = 2*c**3 - 4*c**2 + 2*c + 2. What is p(q)?
6
Let b(t) = -13*t - 19. Let l(d) = 11*d + 15. Let n(s) = -3*b(s) - 4*l(s). Determine n(15).
-78
Let x(a) be the third derivative of -a**6/120 - 7*a**5/30 - 47*a**4/24 + 2*a**3/3 - 747*a**2. Give x(-8).
-4
Let u(a) = 8 + 3*a - 24 - 23 + 6 + 3. What is u(9)?
-3
Suppose 98 - 40 = -21*x + 289. Let n(k) = -k**2 + 12*k - 25. Give n(x).
-14
Let i(k) = -5*k - 5. Let t(